vert -2 (base 7) to base 12.
-2
What is 1230 (base 5) in base 6?
514
-12021 (base 3) to base 16
-8e
1 (base 10) to base 7
1
59 (base 12) to base 13
54
Convert 415 (base 7) to base 9.
251
-67 (base 15) to base 6
-241
Convert 7 (base 12) to base 9.
7
e (base 15) to base 7
20
Convert 12 (base 3) to base 15.
5
What is -1000100 (base 2) in base 10?
-68
Convert c (base 16) to base 4.
30
6 (base 13) to base 12
6
Convert -1 (base 4) to base 5.
-1
87 (base 10) to base 12
73
What is -12 (base 11) in base 4?
-31
Convert 2 (base 16) to base 11.
2
What is 20 (base 4) in base 11?
8
What is -1020 (base 3) in base 11?
-30
38 (base 15) to base 9
58
-540 (base 6) to base 2
-11001100
Convert -a (base 13) to base 15.
-a
131 (base 5) to base 7
56
2 (base 7) to base 4
2
What is 24 (base 9) in base 15?
17
Convert 2 (base 5) to base 3.
2
What is -2 (base 13) in base 15?
-2
What is -62 (base 14) in base 10?
-86
What is -4 (base 7) in base 13?
-4
What is -30 (base 8) in base 15?
-19
What is -1 (base 8) in base 5?
-1
0 (base 7) to base 12
0
Convert -134 (base 6) to base 12.
-4a
Convert -13 (base 9) to base 11.
-11
What is 416 (base 8) in base 16?
10e
230 (base 8) to base 13
b9
Convert -30 (base 4) to base 13.
-c
What is -3 (base 11) in base 5?
-3
What is -3211 (base 4) in base 10?
-229
What is 55 (base 12) in base 13?
50
22 (base 15) to base 3
1012
71 (base 9) to base 13
4c
Convert -3 (base 9) to base 5.
-3
Convert -7 (base 9) to base 10.
-7
Convert 11222 (base 4) to base 14.
1bc
-2 (base 9) to base 4
-2
What is -4 (base 14) in base 13?
-4
Convert -74 (base 14) to base 16.
-66
What is -1021 (base 5) in base 12?
-b4
What is 0 (base 11) in base 4?
0
Convert 113 (base 6) to base 2.
101101
-1001 (base 2) to base 4
-21
What is -11 (base 7) in base 5?
-13
What is 10200 (base 4) in base 15?
143
What is -331 (base 4) in base 11?
-56
Convert 12 (base 4) to base 14.
6
Convert -101 (base 3) to base 8.
-12
What is 6 (base 14) in base 7?
6
244 (base 8) to base 2
10100100
0 (base 13) to base 14
0
What is -1011 (base 2) in base 9?
-12
-211 (base 3) to base 6
-34
Convert -302 (base 4) to base 6.
-122
Convert 11 (base 9) to base 4.
22
100 (base 2) to base 6
4
What is 244 (base 7) in base 10?
130
Convert -2 (base 9) to base 4.
-2
Convert 46 (base 10) to base 12.
3a
Convert -a (base 11) to base 13.
-a
What is -22 (base 6) in base 4?
-32
What is 32 (base 13) in base 5?
131
11011101 (base 2) to base 5
1341
-5 (base 11) to base 12
-5
-5 (base 15) to base 6
-5
5 (base 13) to base 15
5
2 (base 16) to base 10
2
What is -1b (base 14) in base 5?
-100
-14 (base 11) to base 9
-16
-8 (base 13) to base 6
-12
148 (base 9) to base 5
1000
Convert 10 (base 10) to base 2.
1010
What is -8 (base 11) in base 15?
-8
2233 (base 4) to base 2
10101111
7 (base 12) to base 13
7
What is -1020 (base 4) in base 11?
-66
-14 (base 11) to base 6
-23
-42 (base 6) to base 12
-22
2 (base 8) to base 9
2
Convert 65 (base 15) to base 7.
164
What is -1 (base 6) in base 4?
-1
What is 4 (base 7) in base 15?
4
Convert -101000 (base 2) to base 16.
-28
Convert -11001111 (base 2) to base 3.
-21200
Convert 5 (base 8) to base 14.
5
Convert 0 (base 10) to base 4.
0
Convert -221 (base 3) to base 6.
-41
101 (base 11) to base 5
442
-1d (base 16) to base 15
-1e
Convert 6 (base 16) to base 11.
6
-2 (base 5) to base 8
-2
Convert -129 (base 11) to base 5.
-1102
Convert 0 (base 5) to base 9.
0
-61 (base 7) to base 5
-133
Convert -43 (base 8) to base 9.
-38
Convert -110000 (base 2) to base 15.
-33
Convert -111 (base 2) to base 15.
-7
27 (base 16) to base 11
36
1 (base 5) to base 16
1
-4 (base 8) to base 3
-11
-203 (base 4) to base 16
-23
Convert -1 (base 7) to base 14.
-1
Convert 2 (base 9) to base 10.
2
What is 1030 (base 4) in base 9?
84
Convert 11 (base 2) to base 8.
3
-23 (base 9) to base 13
-18
What is d (base 15) in base 11?
12
What is -101 (base 2) in base 8?
-5
Convert -6 (base 14) to base 10.
-6
Convert -123 (base 4) to base 14.
-1d
Convert 44 (base 6) to base 10.
28
What is 100101 (base 2) in base 14?
29
What is 137 (base 8) in base 4?
1133
What is 9b (base 12) in base 7?
230
Convert -2 (base 4) to base 2.
-10
2 (base 11) to base 12
2
What is 85 (base 11) in base 10?
93
-1001 (base 2) to base 9
-10
-13 (base 15) to base 13
-15
What is 0 (base 5) in base 11?
0
7 (base 8) to base 12
7
-b (base 13) to base 14
-b
Convert -174 (base 12) to base 13.
-14b
c (base 15) to base 9
13
What is 4 (base 12) in base 16?
4
What is 21 (base 4) in base 3?
100
Convert -3 (base 5) to base 8.
-3
-120 (base 11) to base 4
-2033
What is 3 (base 9) in base 14?
3
Convert -12 (base 3) to base 15.
-5
Convert b (base 13) to base 2.
1011
What is b (base 14) in base 12?
b
-1011 (base 3) to base 15
-21
3 (base 9) to base 11
3
What is 110 (base 2) in base 8?
6
230 (base 6) to base 5
330
What is 99 (base 11) in base 8?
154
Convert -2 (base 10) to base 2.
-10
Convert -22 (base 7) to base 4.
-100
-1 (base 4) to base 2
-1
Convert 11 (base 8) to base 6.
13
What is 23 (base 11) in base 5?
100
Convert -3 (base 15) to base 5.
-3
Convert 27 (base 10) to base 6.
43
21 (base 3) to base 2
111
Convert -3 (base 14) to base 9.
-3
Convert -5d (base 14) to base 4.
-1103
Convert 1a4 (base 12) to base 5.
2033
2 (base 10) to base 5
2
1 (base 11) to base 13
1
64 (base 12) to base 6
204
3100 (base 4) to base 14
10c
What is 1 (base 9) in base 14?
1
What is 2d (base 14) in base 8?
51
Convert -1001 (base 5) to base 11.
-105
-113 (base 6) to base 9
-50
What is -31 (base 12) in base 3?
-1101
What is 3 (base 12) in base 16?
3
Convert -11d (base 15) to base 6.
-1101
What is 11 (base 3) in base 9?
4
What is -100001 (base 2) in base 12?
-29
Convert 45 (base 8) to base 10.
37
What is 4 (base 10) in base 16?
4
What is 11 (base 4) in base 13?
5
-3a (base 13) to base 15
-34
What is -1323 (base 4) in base 15?
-83
-32 (base 8) to base 3
-222
What is 3 (base 8) in base 2?
11
Convert -20 (base 5) to base 12.
-a
What is -270 (base 8) in base 4?
-2320
Convert 5 (base 15) to base 11.
5
Convert 5 (base 7) to base 14.
5
Convert -2 (base 14) to base 8.
-2
Convert -3 (base 7) to base 13.
-3
Convert -10 (base 8) to base 13.
-8
What is -4 (base 12) in base 4?
-10
Convert 6 (base 7) to base 16.
6
What is 1 (base 2) in base 8?
1
What is -144 (base 6) in base 5?
-224
-2 (base 10) to base 9
-2
15 (base 14) to base 10
19
What is 0 (base 5) in base 10?
0
-5 (base 9) to base 3
-12
Convert -28 (base 10) to base 7.
-40
Convert b5 (base 14) to base 4.
2133
Convert -2b (base 12) to base 3.
-1022
22 (base 3) to base 12
8
Convert -5 (base 16) to base 6.
-5
What is -1f (base 16) in base 2?
-11111
Convert -18 (base 10) to base 2.
-10010
What is -63 (base 14) in base 12?
-73
Convert -12b (base 12) to base 5.
-1204
Convert 157 (base 11) to base 12.
133
Convert 200 (base 10) to base 14.
104
-5 (base 11) to base 4
-11
2 (base 13) to base 16
2
1 (base 13) to base 5
1
Convert -16 (base 10) to base 16.
-10
What is -3 (base 4) in base 5?
-3
Convert -2 (base 4) to base 2.
-10
-13 (base 5) to base 14
-8
What is -2 (base 9) in base 14?
-2
Convert -10 (base 8) to base 6.
-12
-5 (base 16) to base 3
-12
16 (base 16) to base 9
24
What is 23 (base 6) in base 13?
12
What is 1301 (base 6) in base 12?
231
Convert 1 (base 5) to base 14.
1
What is -210 (base 3) in base 4?
-111
-1101100 (base 2) to base 4
-1230
-310 (base 4) to base 13
-40
Convert 2201 (base 3) to base 13.
58
Convert 1 (base 7) to base 12.
1
What is 18 (base 16) in base 10?
24
What is 2 (base 16) in base 4?
2
What is -62 (base 8) in base 9?
-55
Convert 4c (base 14) to base 4.
1010
2 (base 8) to base 15
2
-a3 (base 12) to base 8
-173
What is -6 (base 16) in base 7?
-6
Convert 100 (base 2) to base 13.
4
What is -5 (base 10) in base 5?
-10
-1 (base 5) to base 11
-1
-1 (base 2) to base 8
-1
Convert -23 (base 13) to base 9.
-32
What is 24 (base 6) in base 8?
20
4 (base 16) to base 2
100
Convert -31 (base 10) to base 11.
-29
Convert 17 (base 15) to base 13.
19
-11000 (base 2) to base 3
-220
Convert 11120 (base 3) to base 9.
146
a8 (base 16) to base 14
c0
Convert -36 (base 9) to base 13.
-27
34 (base 13) to base 4
223
What is 1 (base 4) in base 8?
1
What is 103 (base 5) in base 9?
31
-4 (base 8) to base 6
-4
Convert -3 (base 14) to base 16.
-3
What is -3 (base 15) in base 13?
-3
-2 (bas